e factors of 1945497?
3, 17, 37, 1031
What are the prime factors of 650797?
7, 239, 389
What are the prime factors of 5142502?
2, 19, 135329
List the prime factors of 3712576.
2, 7, 8287
List the prime factors of 9739277.
1609, 6053
List the prime factors of 1841258.
2, 631, 1459
List the prime factors of 119536.
2, 31, 241
List the prime factors of 832666.
2, 416333
What are the prime factors of 3538702?
2, 59, 29989
What are the prime factors of 1097717?
1097717
List the prime factors of 87865.
5, 17573
List the prime factors of 2065374.
2, 3, 114743
What are the prime factors of 3675869?
3675869
List the prime factors of 5232661.
7, 23, 4643
What are the prime factors of 1298679?
3, 432893
List the prime factors of 2251580.
2, 5, 103, 1093
List the prime factors of 123506.
2, 37, 1669
What are the prime factors of 350309?
137, 2557
List the prime factors of 502071.
3, 101, 1657
What are the prime factors of 358400?
2, 5, 7
List the prime factors of 1469792.
2, 23, 1997
What are the prime factors of 454823?
454823
List the prime factors of 25893540.
2, 3, 5, 47951
List the prime factors of 60597.
3, 6733
What are the prime factors of 1782744?
2, 3, 59, 1259
List the prime factors of 26309.
26309
What are the prime factors of 21418626?
2, 3, 3569771
What are the prime factors of 662578?
2, 7, 6761
List the prime factors of 11329868.
2, 11, 257497
What are the prime factors of 5385271?
29, 185699
What are the prime factors of 3917163?
3, 107, 12203
What are the prime factors of 22105608?
2, 3, 7, 131581
What are the prime factors of 10316339?
11, 85259
List the prime factors of 161841.
3, 73, 739
What are the prime factors of 55290?
2, 3, 5, 19, 97
What are the prime factors of 65358?
2, 3, 3631
List the prime factors of 6686.
2, 3343
What are the prime factors of 1022830?
2, 5, 29, 3527
What are the prime factors of 207995?
5, 17, 2447
What are the prime factors of 100873?
149, 677
What are the prime factors of 10015228?
2, 139, 18013
List the prime factors of 3282940.
2, 5, 164147
What are the prime factors of 764025?
3, 5, 61, 167
What are the prime factors of 9957451?
7, 1422493
What are the prime factors of 388128?
2, 3, 13, 311
What are the prime factors of 14345?
5, 19, 151
What are the prime factors of 1535961?
3, 7, 73141
List the prime factors of 13771310.
2, 5, 7, 113, 1741
List the prime factors of 113381.
113381
What are the prime factors of 1005956?
2, 7, 37, 971
What are the prime factors of 941626?
2, 7, 103, 653
List the prime factors of 254425.
5, 10177
What are the prime factors of 186394?
2, 13, 67, 107
What are the prime factors of 134597?
134597
What are the prime factors of 814482?
2, 3, 15083
List the prime factors of 176839.
13, 61, 223
What are the prime factors of 381267?
3, 523
What are the prime factors of 1533431?
1533431
List the prime factors of 29810263.
7, 4258609
List the prime factors of 13290441.
3, 4430147
What are the prime factors of 61743?
3, 11, 1871
What are the prime factors of 1294984?
2, 161873
List the prime factors of 197815.
5, 39563
What are the prime factors of 9396439?
13, 269, 2687
What are the prime factors of 4478390?
2, 5, 7, 63977
What are the prime factors of 475158?
2, 3, 79193
List the prime factors of 18526055.
5, 41, 90371
List the prime factors of 18047399.
61, 191, 1549
What are the prime factors of 1487550?
2, 3, 5, 47, 211
What are the prime factors of 109987?
109987
List the prime factors of 134780.
2, 5, 23, 293
What are the prime factors of 481737?
3, 160579
List the prime factors of 918763.
918763
What are the prime factors of 350162?
2, 175081
List the prime factors of 593842.
2, 296921
List the prime factors of 1369263.
3, 7, 65203
List the prime factors of 8963433.
3, 31, 10709
What are the prime factors of 18793865?
5, 1607, 2339
List the prime factors of 170186.
2, 85093
What are the prime factors of 9140?
2, 5, 457
What are the prime factors of 681413?
29, 23497
What are the prime factors of 30820668?
2, 3, 2568389
List the prime factors of 7798026.
2, 3, 929, 1399
What are the prime factors of 310529?
47, 6607
List the prime factors of 142785.
3, 5, 19, 167
What are the prime factors of 1804825?
5, 11, 6563
What are the prime factors of 58994?
2, 13, 2269
List the prime factors of 3906200.
2, 5, 19531
List the prime factors of 5142184.
2, 109, 5897
List the prime factors of 39316002.
2, 3, 11, 17, 67, 523
What are the prime factors of 1351833?
3, 7, 64373
List the prime factors of 159817.
7, 17, 79
What are the prime factors of 24198749?
47, 514867
List the prime factors of 454845.
3, 5, 30323
List the prime factors of 296362.
2, 11, 19, 709
List the prime factors of 5175401.
7, 11, 67213
List the prime factors of 2248917.
3, 11, 23, 2963
List the prime factors of 392435.
5, 78487
What are the prime factors of 115977?
3, 67, 577
List the prime factors of 121674.
2, 3, 7, 2897
What are the prime factors of 5650295?
5, 7, 23, 7019
List the prime factors of 4379297.
13, 25913
What are the prime factors of 3991945?
5, 47, 16987
List the prime factors of 256280.
2, 5, 43, 149
What are the prime factors of 7804626?
2, 3, 1300771
List the prime factors of 43048.
2, 5381
List the prime factors of 10243905.
3, 5, 7, 97561
List the prime factors of 22453130.
2, 5, 7, 320759
What are the prime factors of 18107452?
2, 11, 197, 2089
What are the prime factors of 2036149?
59, 34511
List the prime factors of 105073.
179, 587
List the prime factors of 7890413.
7890413
List the prime factors of 4155849.
3, 409, 1129
List the prime factors of 31954.
2, 13, 1229
What are the prime factors of 3197353?
3197353
List the prime factors of 262894.
2, 131447
List the prime factors of 22808.
2, 2851
List the prime factors of 1035081.
3, 47, 2447
What are the prime factors of 841834?
2, 7, 157, 383
List the prime factors of 1151941.
7, 23509
What are the prime factors of 226247?
7, 32321
What are the prime factors of 1795269?
3, 7, 53, 1613
What are the prime factors of 4861302?
2, 3, 19, 42643
What are the prime factors of 11913?
3, 11, 19
What are the prime factors of 183778?
2, 7, 13127
List the prime factors of 1274952.
2, 3, 7, 7589
What are the prime factors of 4291580?
2, 5, 89, 2411
What are the prime factors of 8863119?
3, 23, 47, 911
What are the prime factors of 17104424?
2, 1097, 1949
List the prime factors of 8752399.
17, 514847
List the prime factors of 849048.
2, 3, 17, 2081
What are the prime factors of 2316387?
3, 113, 6833
What are the prime factors of 1925563?
1925563
List the prime factors of 10587565.
5, 2117513
List the prime factors of 7169335.
5, 67, 21401
What are the prime factors of 2015360?
2, 5, 47, 67
What are the prime factors of 380135?
5, 7, 10861
What are the prime factors of 1232896?
2, 7, 43
What are the prime factors of 415378?
2, 17, 19, 643
List the prime factors of 7448709.
3, 2482903
List the prime factors of 3264262.
2, 239, 6829
What are the prime factors of 70140?
2, 3, 5, 7, 167
List the prime factors of 1159533.
3, 128837
What are the prime factors of 929551?
7, 37, 97
List the prime factors of 110549.
227, 487
What are the prime factors of 390479?
390479
What are the prime factors of 341911?
341911
What are the prime factors of 187896?
2, 3, 7829
List the prime factors of 357280.
2, 5, 7, 11, 29
List the prime factors of 5950131.
3, 11, 180307
List the prime factors of 15452563.
7, 29, 163, 467
List the prime factors of 30936556.
2, 7, 1104877
What are the prime factors of 183322?
2, 71, 1291
What are the prime factors of 13112603?
7, 19, 5189
What are the prime factors of 7430528?
2, 7, 8293
What are the prime factors of 541822?
2, 139, 1949
List the prime factors of 1845307.
1845307
List the prime factors of 69924.
2, 3, 5827
What are the prime factors of 919535?
5, 183907
What are the prime factors of 7558204?
2, 1889551
List the prime factors of 4051978.
2, 7, 19, 15233
What are the prime factors of 5922056?
2, 7, 105751
List the prime factors of 7516552.
2, 19, 49451
What are the prime factors of 38141?
43, 887
List the prime factors of 799818.
2, 3, 133303
What are the prime factors of 156049?
29, 5381
What are the prime factors of 157720?
2, 5, 3943
List the prime factors of 468626.
2, 53, 4421
List the prime factors of 639269.
639269
Wh